ppose g*h - 32 = -5*v + 26, 5*v = 3*h - 37. Is h composite?
False
Let d = -65 + -6. Let v = d - -192. Is v composite?
True
Let j(a) be the third derivative of a**7/315 - a**6/360 + a**5/120 + a**4/12 + 3*a**2. Let q(g) be the second derivative of j(g). Is q(3) composite?
False
Suppose 3*p + 2*z - 3*z - 6920 = 0, 0 = -p + 2*z + 2305. Is p a composite number?
True
Let c be 5*1*(-4)/10. Let i be (c/(-6))/(3/45). Let o(l) = 2*l**3 - 7*l**2 - 2*l. Is o(i) composite?
True
Let t = 117 + 545. Suppose -o - t = -3*o. Is o a composite number?
False
Let q = 792 + -419. Is q composite?
False
Let h = 4 - 2. Suppose h*v - 42 = -2*f + 20, 5*f - 167 = v. Let j = 70 - f. Is j a composite number?
False
Let u be (-2)/((4 + -3)/5). Is ((-246)/u)/(9/45) a composite number?
True
Suppose 0 = -2*k + 4*f + 238, 3*k - 353 = 5*f - f. Is k a prime number?
False
Suppose 218 = b - 251. Is b a prime number?
False
Let u = 1 - -3. Suppose -18 = u*b - 6*b. Is b composite?
True
Let i = 1199 + -697. Is i prime?
False
Let d be ((0 - -1) + 0)*4. Let t be 69/15 - (-4)/10. Suppose -4*v + 36 = 5*f, -d*v - t*f + f = -40. Is v composite?
True
Let c = -107 - -173. Let s = c + -28. Is s prime?
False
Let p = -1270 + 2015. Is p composite?
True
Suppose -2*t + 5*t - 1461 = 0. Is t a prime number?
True
Let s(m) = m**2 + 3*m - 4. Let p be s(-4). Suppose p = -4*z - j + 25, 2*z + 4*j = 24 + 6. Suppose z*f + 105 = 2*b, -4*b + f + 217 = -2*f. Is b a prime number?
False
Let c = -27 + 319. Suppose 2*x - f - 296 = 0, -2*x + 4*x - 3*f - c = 0. Is x a composite number?
False
Let d = 52 + -107. Let o = 12 - d. Is o composite?
False
Suppose 0 = -l + 3*p + 82, -3*l + p + 248 = -6. Is l a prime number?
False
Suppose 3*q = 5*k + 19, -5*q + k + 4 + 13 = 0. Suppose q*g + 38 = -4*p, -26 + 4 = 2*g + 2*p. Is (2*5)/(g/(-33)) a composite number?
True
Let q = 2181 - 1099. Suppose 2*o - q = -0*o. Is o prime?
True
Let z(j) = -j**2 + 3*j + 2. Let b be z(3). Suppose -b*t = t - 138. Is t composite?
True
Let k be (-1 + -1)/((-4)/6). Suppose 5*h - 20 = z, -k*z + 2*h + 10 = z. Suppose -n - 5 + 0 = 0, -2*j = z*n + 11. Is j composite?
False
Is (-198)/(-4) - 5/10 composite?
True
Suppose 2*r - 7325 = 6669. Is r prime?
True
Let p be 2 + 0/((-4)/2). Let v(n) = n - 1 + 0*n + 16*n**2 - p*n**2. Is v(-2) prime?
True
Is (-339)/(-18) + 1/6 a composite number?
False
Suppose -5*p = -2*p - 705. Suppose -4*o = -i - p, -2*o + i - 13 = -130. Is o composite?
False
Let m = -802 - -1953. Is m a composite number?
False
Is (3*6/27)/((-2)/(-39)) prime?
True
Let t(h) = h**3 - 2*h**2 + h + 2. Let l(b) = 2*b**3 - 2*b**2 - 2*b + 3. Let q be l(2). Is t(q) a prime number?
False
Let f = 5710 - 21322. Is (-4)/(-22) - f/44 a composite number?
True
Let i = 14 - 7. Let r = i + 0. Is 3 - 1 - (-1743)/r prime?
True
Let w = 1248 + 1193. Is w composite?
False
Suppose 4*g + 5*p - 2919 = 0, -g + p + 726 = 3*p. Suppose f - 213 = -d, -3*d - f = -g + 105. Is d a prime number?
False
Suppose 0 = j - 7 - 16. Suppose 3 = -2*g + j. Is g a prime number?
False
Let s = 3195 + -1234. Is s a prime number?
False
Let t(p) = p**3 - 4*p**2 + 25*p + 23. Is t(14) composite?
False
Let i = 15 - 10. Let m = i + 2. Is m composite?
False
Suppose -a + 6 + 335 = 0. Is a a prime number?
False
Let y(i) = 25*i**2 + i + 3. Is y(4) prime?
False
Let u = -18 + 24. Suppose u*f - 85 = 245. Is f composite?
True
Let o = 12 + -9. Is 2/o*1146/4 prime?
True
Let o(y) = -4*y + 1. Let u be o(-5). Is 153/u - 2/7 composite?
False
Let g = 18 - -47. Let b = 62 - 90. Let j = g + b. Is j prime?
True
Suppose -2*n + 210 = 4*n. Is n a prime number?
False
Suppose 4*b - 16 = 0, 0 = g - 3*b - 264 + 73. Is g prime?
False
Let x(u) = -u**3 - 4*u**2 - 6*u - 4. Suppose 5*z - 1 = -26. Is x(z) a composite number?
True
Is (-531)/6*30/(-9) prime?
False
Let c be 2 + (1 - 1) + 1. Is 216*1 - -2 - c prime?
False
Is (-6711)/(-15) + -2 - 6/15 a prime number?
False
Let m(w) = -3*w + 6. Let p be m(4). Is p/(-15) + (-243)/(-5) composite?
True
Suppose -3*h = 1314 + 663. Let k = -360 - h. Is k a composite number?
True
Suppose 0 = -4*g - 5*h + 48, -2*h + 3*h + 3 = g. Is g composite?
False
Suppose -2*c = a, -5*a + 8 = -a. Is (-115 + 4)*(c - 0) a prime number?
False
Is (-6285)/(-21) - 2/7 prime?
False
Let w be 1/(-2) - (-3)/6. Let i = w + 6. Is 292/i - (-2)/6 prime?
False
Suppose -1113 = -3*t - 4*t. Is t prime?
False
Let p be 2/7 + (-94)/(-14). Is (-4)/(-14) + 621/p prime?
True
Suppose 0 = 6*v - 5*v - 521. Is v a prime number?
True
Suppose 2*k + 5*i = i, -2*k + 4*i - 8 = 0. Let j = k + -7. Let t = 14 - j. Is t a composite number?
False
Let h(y) = y**3 - 3*y**2 + 2*y - 7. Is h(13) a composite number?
False
Let u be (2 + -4)/(-2) + 76. Suppose 0 = -0*w - w + u. Is w composite?
True
Let r(t) = 2. Let k(g) = -g + 2. Let a(b) = 3*k(b) - 2*r(b). Let v be a(2). Is ((-14)/v)/(1/2) a prime number?
True
Let s = 6 - 8. Let y(g) = -20*g - 2. Is y(s) composite?
True
Is 6297/33 + (-6)/(-33) a prime number?
True
Let y be (-326)/(-10) + (-8)/(-20). Let d be (-16)/24 - (-124)/6. Let j = y - d. Is j prime?
True
Let a = 2522 - 1533. Is a prime?
False
Suppose -3*m + 4*k = -3299, -3*m + 6*k - k = -3301. Is m prime?
True
Suppose -3*p = 3*r - p + 26, 2*p + 18 = -2*r. Let q(g) = 7 + 2*g - 4*g - 3*g. Is q(r) prime?
True
Let l(q) = q**2 + q - 1. Let u be l(-1). Is (-2)/u + 0 + 87 a prime number?
True
Let v(h) = -h**3 + 18*h**2 - 20*h - 2. Is v(15) prime?
True
Let x(l) = 360*l - 1. Is x(2) a composite number?
False
Let r(z) = 19*z**2 - 4*z - 29. Is r(16) a prime number?
False
Suppose s - 349 = 150. Is s a composite number?
False
Suppose 45*t - 41*t = 2212. Is t prime?
False
Let b(x) = -x + 2. Let c be b(-3). Suppose 2*d + 0*d = 0. Suppose 5*q + 270 = c*p + q, 5*p - 5*q - 265 = d. Is p prime?
False
Let i(g) = 56*g**2 + 4*g + 9. Let s(o) = 14*o**2 + o + 2. Let q(c) = -2*i(c) + 9*s(c). Let z be q(1). Suppose y + 1 - z = 0. Is y prime?
False
Is 5*(944/20 + 3) composite?
False
Suppose -s = v - 6*s - 202, 0 = v + s - 220. Is v prime?
False
Let k be (7 - 41)*(7 - -1). Let m = -19 - k. Is m composite?
True
Let b(n) be the second derivative of n**5/4 - n**4/12 - n**3/2 + 3*n**2/2 + 3*n. Let o be b(2). Is o*(0 + (2 - 1)) composite?
True
Let l(k) = -7*k**2 + 3*k + 298. Let i(f) = 3*f**2 - f - 149. Let z(x) = -5*i(x) - 2*l(x). Is z(0) composite?
False
Suppose -g + 3 = 31. Let f = g + 49. Suppose f = 4*d - 3*d. Is d a prime number?
False
Let o = -108 + 29. Let k be (-2)/(-7) - o/(-7). Let g = k - -25. Is g composite?
True
Let z(f) = f - 2. Let j be z(2). Suppose x - 9 = -j*x. Is -1 + 1 + x + 0 composite?
True
Let h = 30 + -26. Is h/18 + 1040/18 a composite number?
True
Let f be (-20)/5*10/(-8). Suppose -4*o + 705 = o. Suppose -f*u + 1166 = o. Is u a prime number?
False
Let i be -2 + -4*(-3 - -1). Suppose 3*h = -3*d + i, h = d - 0*h + 4. Is (-2 - (-1 + d)) + 51 a prime number?
False
Suppose -2*w = w - 174. Suppose 5*m - 117 = w. Is m a composite number?
True
Suppose 0 = 2*u - f - 12, -2*u - 4*f = -0*u - 2. Let w(m) = 0 + u*m + m**3 + 7*m**2 + 4 + 0*m. Is w(-6) composite?
True
Let k = 895 + -549. Is k a composite number?
True
Let s(t) = 5*t**2 + 4*t - 4*t**2 - 2 + t. Let c be s(-6). Suppose 0 = 4*o + c*q - 880, 0*o - q - 214 = -o. Is o a prime number?
False
Let r = 6 - 10. Is 23/4 - 1/r prime?
False
Let l = -333 + 779. Is l a prime number?
False
Let t(h) = h**3 - h**2 + 5*h + 2. Is t(5) composite?
False
Let m = -2 - -7. Let t(n) = 9*n + 2. Is t(m) a prime number?
True
Suppose 3*l = 5*b + 84 - 0, 4*l - b = 129. Let w = 7 + l. Suppose 110 - w = 2*h. Is h composite?
True
Let f(q) = 3*q**3 + q + 1. Let i be f(-2). Let c = -65 - i. Let z = c + 129. Is z composite?
False
Let n(y) = 2 + 0 - 14*y - 22*y. Let g be n(-6). Let r = g - 141. Is r composite?
True
Let y(k) = -11*k**3 - k**2 + 2*k - 1. Is y(-2) composite?
False
Let h = -17 + 31. Is h a prime number?
False
Is (-334)/2*(0 + (-10 - -3)) a composite number?
True
Let s = 447 + 230. Is s a prime number?
True
Suppose -i + 0*i = -40. Suppose 4*r - 175 = -q, -r + 0*q + q + i = 0. Is r prime?
True
Let c(w) = 2*w**2 - 8*w + 1. Let o be c(6). Is -1*1 - o/(-5) composite?
True
Let a(p) = 2*p**2 - p**2 + 4*p**3 + p - 2*p**2. Let r be a(1). Suppose 63 = -r*w + 195. Is w prime?
False
Let n = -409 + 816. Is n prime?
False
Let z(j) = 5*j - 4 - 4